 3*o - 1. Let t be (-2)/(-6)*0 + 3*1. Determine i(t).
-1
Let w(t) be the third derivative of -t**4/24 + 11*t**3/6 + t**2 + 46. Determine w(5).
6
Let s(d) be the first derivative of d**3/3 + 5*d**2/2 - 13*d - 20. Let r be s(-7). Let n(k) = 9*k + 1. Give n(r).
10
Suppose -k = 2*v + 15, 2*k - 4 = -2*k. Let j(d) = -d**3 - 14*d**2 - 8*d - 3. Let m(n) = -n**2 + 1. Let s(o) = j(o) - 5*m(o). Calculate s(v).
-8
Let y(g) = -3*g + 5*g + g - 5*g + 0*g - 3. Give y(2).
-7
Let s(z) = -4*z**2 - 2*z**2 - 2 + 3*z + z**3 - 2. Let a = -41 - -29. Let w = -7 - a. What is s(w)?
-14
Let s(a) = -2 - 8 + 0*a**2 - 6*a - a**2 + 3. What is s(-5)?
-2
Suppose 0*t + 4 = 2*t. Let u(k) = t*k + 12 - 11 + k. Let q be (-9)/27 + 4/3. Calculate u(q).
4
Let y(c) = c**3 - c**2 + c. Let g(k) = -5*k**3 - 4*k**2 - 15*k - 5. Let f(s) = g(s) + 4*y(s). Give f(-7).
23
Let r = 1/10 + 7/30. Let t(n) be the third derivative of 7/24*n**4 + 1/30*n**5 + 0 + 0*n - r*n**3 - 2*n**2. Give t(-5).
13
Suppose t + 0*t = 2. Let s(r) = 2*r**2 - r**2 - 3 + 2*r - 3*r**t. Give s(2).
-7
Let w(l) = -8*l**2 - 10 - 3*l**3 - 10*l + 4*l**3 + 2*l + 15*l. Give w(7).
-10
Let l(i) = 20*i**3 - 4*i**2 + 4. Let o(g) = 41*g**3 - 9*g**2 + 9. Let r(p) = -7*l(p) + 3*o(p). Calculate r(1).
-17
Let i(y) = -y**3 - 4*y + 5. Let u(x) = -x**3 + x**2 - 3*x + 4. Let k(r) = 3*i(r) - 4*u(r). Let l be k(4). Let j(c) = c - 1 + c + c - 2*c. Give j(l).
-2
Suppose 12 = -2*j - 0*j. Suppose q + 3*q = 8. Let f(o) = 7*o**2 + 4*o + 2*o**3 + 2*o - o**3 - q - 5. Calculate f(j).
-7
Let v(o) = 12*o - 19. Let g be v(2). Let a(q) = -5 + g + q - 3. Calculate a(7).
4
Let l(u) = -u**2 - u + 6. Let g(s) = 91 - 47 - 45. Let q(b) = -10*g(b) - 2*l(b). What is q(-2)?
2
Let c(d) = 164*d**3 + 4*d**2 - 337*d**3 + 172*d**3. Calculate c(3).
9
Let u(m) = -m**3 + 3*m + 6*m**2 - m - 803 + 789. Give u(6).
-2
Let c(q) = -5*q**3 + q - 4*q**2 + 1 + q**3 + 5*q**3. Let s(u) = -4*u - 7. Let z be s(-3). Suppose j = 0, 2*d - 2 = z*j + 4. Give c(d).
-5
Let s(l) = -7*l - 32. Let d be s(-10). Let x(y) = d*y**2 + 36*y**2 + 6*y + 2 - y**3 - 77*y**2 + 0*y**3. What is x(-4)?
-6
Let w be 9 + (-1)/(5/(-10)). Let s = w - 14. Let x(i) = -i**2 - 4*i + 1. What is x(s)?
4
Let l(p) = p**2 - 13*p - 13. Let r be l(14). Let k(w) = 4 - 2 - 4 + w + r. What is k(5)?
4
Let v(f) = f**2 + 1. Let u(h) = h**2 - 3*h + 5. Let z be u(2). Suppose -k - z*i = -1 + 3, 4*k + 4*i = 0. Determine v(k).
2
Let z(u) = -u - 12. Let s(n) = 3*n + 35. Suppose -m - 4*b + 4 = -3, -2*m = -5*b - 40. Let j = 7 - m. Let x(g) = j*z(g) - 3*s(g). Give x(0).
-9
Let m(k) = 3*k**2 - 4*k + 2. Suppose -4*z = 4*u + 16, -u - 12 = 2*u + 4*z. Let j be u - (24/(-3) + 2). Give m(j).
6
Let c(h) = -9*h - 15. Let s(y) = -1. Let p(i) = -4*i - 13. Let q(b) = p(b) - 6*s(b). Let j(a) = -2*c(a) + 5*q(a). What is j(-5)?
5
Let n = -2 - -3. Let r be 4/(2 - 0 - n). Let b(k) be the second derivative of k**3/6 - k**2 + 903*k - 1. What is b(r)?
2
Let k = 436 - 436. Let g(z) be the second derivative of z**5/20 + 8*z**2 - z. Give g(k).
16
Let i(z) = 3*z**3 - 2*z**2 - 3*z + 4. Let j(k) = 13*k**3 - 8*k**2 - 13*k + 16. Let d(x) = 9*i(x) - 2*j(x). Give d(0).
4
Let j(c) = c**2 + 9*c + 6. Let m = 293 + -208. Suppose 35 = 80*i - m*i. Calculate j(i).
-8
Let w(y) = -y**2 + 2. Let g be 3 - 0/(4/(-1)). Let b = 5 - g. Suppose -u = -b*u + 3. Give w(u).
-7
Let h(l) = l**2 - 11*l + 16. Suppose 4*g - 2*o = 32, -5*g + 2*o - 28 = -7*g. Give h(g).
6
Suppose -4*g + 3*q = 7, -g - 3*q - 8 = 5. Let d(o) = o - 4. Calculate d(g).
-8
Suppose 0 = 3*b - 8 - 10. Let o(t) = 2*t - 6. Let l be (-12)/(-8)*2/(-1). Let p(v) = -v + 3. Let g(z) = l*o(z) - 7*p(z). Determine g(b).
3
Let z(h) = -2*h + 32. Let d = 12 - -8. Let j be z(d). Let u(x) = -x**2 - 7*x + 2. Determine u(j).
-6
Let t be 8*1/(-32)*8. Let y(m) be the second derivative of -m**5/20 - m**4/4 - m**3/2 - m. Determine y(t).
2
Let l(v) = v**2 + v - 6. Let y be -2 - 2/((-12)/(-18) - 0). Calculate l(y).
14
Let u(v) = -v + 2. Let k be (23/(-3))/((7/(-12))/(-7)). Let b = 98 + k. Calculate u(b).
-4
Let i(p) = 174*p**2 - 175*p**2 + 3 - 2*p + 7*p. What is i(4)?
7
Let x = 26 + -23. Suppose -x*w = -7 + 1. Suppose -3*d + 30 = w*d + 4*s, -2*s = -3*d - 4. Let j(r) = -r**3 + r**2 - 2. Give j(d).
-6
Let n(t) = -6*t**3 + 8*t**3 - 261 + 4*t**2 - t**2 + 2*t + 262. Determine n(-2).
-7
Let f(t) = 4*t**2 + t + 1. Let w(p) = -p**2 + p - 3. Let h(g) = f(g) + 3*w(g). What is h(-7)?
13
Let k(m) = -1 + 7794*m - 7800*m + 0 + 6*m**2 + m**3. Give k(-7).
-8
Let p(f) = -15*f + 4*f + f + 11*f - 4. Let r be (-3)/2*8/12. Let q be (r - 3) + -1 + 1. Determine p(q).
-8
Suppose -2*x - 7*j = -2*j - 7, 0 = 3*x + 3*j + 12. Let w(o) = -o**2 - 9*o - 3. Let k be w(x). Let l(v) = v**2 - 3. Determine l(k).
6
Let x(g) = -g + 35. Let f be x(23). Let z(b) = -3*b + 22. What is z(f)?
-14
Let l(r) = -r**3 - 6*r**2 + 8*r + 2. Let t = 6 + -12. Let f be 1*2*(5 + 51/t). Calculate l(f).
-5
Let f(u) be the first derivative of -u**2/2 - u + 87. What is f(-10)?
9
Let r(i) = i**3 + 21*i**2 + 53*i - 15. Let n = 45 + -63. Let y be r(n). Let c(b) = -b**3 + 4*b**2 - b + 2. What is c(y)?
8
Let z(d) = 16. Let r(x) = -9. Let q(n) = 7*r(n) + 4*z(n). Let g(l) = l + 8. Let w(f) = -g(f) + 4*q(f). What is w(-8)?
4
Let l(d) = 56*d - 29*d - 4 - 26*d - 2. Suppose 0 = -0*z - 4*z - 5*r - 15, 12 = -3*z - 4*r. Give l(z).
-6
Let h(n) = -12*n**2 - n. Let y be (0 - -1)*1 + 9 + -11. Give h(y).
-11
Let m(t) be the first derivative of t**3/3 - 7*t**2/2 + 6*t - 65. Suppose -2*r + 5 + 3 = 0. Determine m(r).
-6
Let k(b) = -b - 14. Let v be (-50)/(-15)*3*-1. Let f be (-2)/(-2) - (-5 - v). Let a be 2 + 1 + 36/f. What is k(a)?
-8
Suppose -674*g + 671*g + 3 = 0. Let d(p) be the second derivative of p**3/6 - p. Give d(g).
1
Let u = -1251 + 1249. Let g(h) = -7*h**2 - 4*h - 3. Determine g(u).
-23
Let r(y) be the second derivative of -y**3/6 - y**2/2 + y + 27. Determine r(0).
-1
Let m(c) be the first derivative of -c**2 - 4*c + 1. Suppose 0 = -6*x + x - 5*l + 125, 4*x - 60 = 4*l. Let i be (-7)/3 - x/30. Determine m(i).
2
Let k be (-171)/108*-4 - 5. Let c(t) be the second derivative of 0 + 2/3*t**4 + 9*t + 5/2*t**2 - k*t**3 - 1/20*t**5. Give c(7).
-2
Let x(q) = -q + 0 - 1 + 4*q + 28. Determine x(-11).
-6
Let w(b) = b**2 + 12*b + 15. Let f be w(-11). Let x(h) be the second derivative of h**5/20 - h**4/4 - h**3/2 - 2*h**2 - 3*h. Calculate x(f).
0
Let y(a) = a**2 - a + 4. Suppose 2*x - 28 = 3*u - u, -5*u = -3*x + 50. Suppose 4*s - 5*c = -x, -c + 2 = 2*s - 0*s. Let g be s/(3*4/6). What is y(g)?
4
Let v(i) = 7*i**3 - 16*i**2 + 2*i + 3. Let h(q) = -6*q**3 + 14*q**2 - q - 2. Let k(a) = -6*h(a) - 5*v(a). What is k(4)?
-19
Let h(g) be the third derivative of 7*g**6/60 + g**5/60 - 23*g**2. Let w = 3 - 4. Give h(w).
-13
Let t(q) = q**2 + 19*q + 21. Let m(l) = -l**3 - 6*l**2 - 2*l + 6. Let d be m(-4). Calculate t(d).
3
Suppose 0 = 3*x + 4*h + 18, x = -2*x - 3*h - 15. Let o(c) = -2*c**3 - 2*c**2 + c - 1. Let y be o(x). Let d = 7 - y. Let t(a) = -a**2 - a + 1. Calculate t(d).
-5
Let d = 40 - 39. Let n(r) = d + 5 + r**2 - 4 + 2*r - 3. Calculate n(-3).
2
Let a(v) be the first derivative of 2*v**3/3 + 5*v**2/2 - 4*v + 752. What is a(-4)?
8
Let g(z) = z**3 + 5*z**3 - z - 7 + z**2 - 5*z**3. What is g(0)?
-7
Suppose 0 = -4*b + 2*v + 28, 3*b - 21 = 10*v - 6*v. Let u(r) = -r + 17. Determine u(b).
10
Let l(z) = -3*z**2 - z. Let i(x) = x**3 - 2*x + 3. Let f be i(1). Calculate l(f).
-14
Let l(x) = 5*x**2 + 2*x + 3. Let i(z) = -4*z**2 - z - 2. Let j(d) = 6*i(d) + 5*l(d). Suppose -2*o - 4 = -0*o. Calculate j(o).
-1
Let a(u) be the first derivative of u**5/60 - u**4/8 - u**3/2 + 9*u**2/2 + 40. Let z(o) be the second derivative of a(o). Let s = 2 - -1. Calculate z(s).
-3
Let z(l) = 2*l**2 - 20*l + 5. Let q(t) = t**2 + 5*t - 1. Let o(y) = -4*q(y) - z(y). What is o(1)?
-7
Let q(o) = -o + 2. Let n be q(6). Let r(c) = -2*c**3 - 15*c**2 - 7*c + 3. Let v be r(-7). Let y = n + v. Let i(j) = -5*j**3 - j**2. Determine i(y).
4
Let n = 9 + -14. Let g(o) = -o**2 - 13*o - 7. Let r(s) = -s. Let v(a) = -g(a) + 6*r(a). Give v(n).
-3
Suppose -12*q + 15*q = 3. Let j(c) = -20*c - 14*c + q + 33*c. What is j(-4)?
5
Suppose 2*p = -9 - 3. Let r be (-8)/(-3) + p/(-18). Suppose 24 = -5*k - 2*x, -k + r + 3 = -5*x. Let l(c) = -c - 1. Give l(k).
3
Suppose 2*o = 6*o - 20. Suppose